{"id":2614,"date":"2026-02-19T17:49:11","date_gmt":"2026-02-19T20:49:11","guid":{"rendered":"https:\/\/mydinka.com\/wordpress\/produto\/camera-dome-4-em-1-hd-1-0mp-720p-2-8mm-utc-lcm-8210b\/"},"modified":"2026-03-20T21:47:17","modified_gmt":"2026-03-21T00:47:17","slug":"camera-dome-4-em-1-hd-1-0mp-720p-2-8mm-utc-lcm-8210b","status":"publish","type":"product","link":"https:\/\/mydinka.com\/wordpress\/produto\/camera-dome-4-em-1-hd-1-0mp-720p-2-8mm-utc-lcm-8210b\/","title":{"rendered":"C\u00e2mera Dome 4 Em 1 Hd 1.0mp 720p 2.8mm Utc &#8211; Lcm-8210b"},"content":{"rendered":"<p>DESCRI\u00c7\u00c3O<\/p>\n<p>Revestimento externo met\u00e1lico<br \/>\ncompress\u00e3o de v\u00eddeo eficiente H.265+\/H.265\/H264+\/H264 com qualidade ajust\u00e1vel e fluxo de dados<br \/>\nCodifica\u00e7\u00e3o tri-stream<br \/>\nCancelamento Digital de Ru\u00eddo &#8211; 3DN DNR, WDR 120dB<br \/>\niluminador IR embutido com desligamento por software<br \/>\nDetec\u00e7\u00e3o de movimento<br \/>\npossibilidade de fornecimento de energia via PoE 802.3af ou 12V DC<br \/>\nModelo\ti5.2-C57351D-I 2.8mm<br \/>\nC\u00e2mera<br \/>\nUso pretendido\tDentro e fora<br \/>\nHabita\u00e7\u00e3o\tC\u00fapula<br \/>\nTransdutor\tCMOS de varredura progressiva 1\/2,7&#8243;<br \/>\nAjuste do m\u00f3dulo\t3D<br \/>\nLente<br \/>\nTipo de lente\tDist\u00e2ncia focal fixa<br \/>\nLente Autom\u00e1tica\tNenhum<br \/>\nDist\u00e2ncia focal\t2,8 mm<br \/>\n\u00c2ngulo de vis\u00e3o\t112\u00b0<br \/>\nBrilho da lente\tF1.6<br \/>\nIlumina\u00e7\u00e3o m\u00ednima\t0,005Lux (F1,6, AGC LIGADO)<br \/>\n0lux no IR LIGADO<br \/>\nObturador eletr\u00f4nico\tCarro, 1\/25 \u00f7 1\/10.000<\/p>\n","protected":false},"excerpt":{"rendered":"<p>DESCRI\u00c7\u00c3O Revestimento externo met\u00e1lico compress\u00e3o de v\u00eddeo eficiente H.265+\/H.265\/H264+\/H264 com qualidade ajust\u00e1vel e fluxo de dados Codifica\u00e7\u00e3o tri-stream Cancelamento Digital [&hellip;]<\/p>\n","protected":false},"featured_media":2847,"comment_status":"open","ping_status":"closed","template":"","meta":{"site-sidebar-layout":"default","site-content-layout":"","ast-site-content-layout":"default","site-content-style":"default","site-sidebar-style":"default","ast-global-header-display":"","ast-banner-title-visibility":"","ast-main-header-display":"","ast-hfb-above-header-display":"","ast-hfb-below-header-display":"","ast-hfb-mobile-header-display":"","site-post-title":"","ast-breadcrumbs-content":"","ast-featured-img":"","footer-sml-layout":"","ast-disable-related-posts":"","theme-transparent-header-meta":"","adv-header-id-meta":"","stick-header-meta":"","header-above-stick-meta":"","header-main-stick-meta":"","header-below-stick-meta":"","astra-migrate-meta-layouts":"default","ast-page-background-enabled":"default","ast-page-background-meta":{"desktop":{"background-color":"var(--ast-global-color-5)","background-image":"","background-repeat":"repeat","background-position":"center center","background-size":"auto","background-attachment":"scroll","background-type":"","background-media":"","overlay-type":"","overlay-color":"","overlay-opacity":"","overlay-gradient":""},"tablet":{"background-color":"","background-image":"","background-repeat":"repeat","background-position":"center center","background-size":"auto","background-attachment":"scroll","background-type":"","background-media":"","overlay-type":"","overlay-color":"","overlay-opacity":"","overlay-gradient":""},"mobile":{"background-color":"","background-image":"","background-repeat":"repeat","background-position":"center center","background-size":"auto","background-attachment":"scroll","background-type":"","background-media":"","overlay-type":"","overlay-color":"","overlay-opacity":"","overlay-gradient":""}},"ast-content-background-meta":{"desktop":{"background-color":"var(--ast-global-color-4)","background-image":"","background-repeat":"repeat","background-position":"center center","background-size":"auto","background-attachment":"scroll","background-type":"","background-media":"","overlay-type":"","overlay-color":"","overlay-opacity":"","overlay-gradient":""},"tablet":{"background-color":"var(--ast-global-color-4)","background-image":"","background-repeat":"repeat","background-position":"center center","background-size":"auto","background-attachment":"scroll","background-type":"","background-media":"","overlay-type":"","overlay-color":"","overlay-opacity":"","overlay-gradient":""},"mobile":{"background-color":"var(--ast-global-color-4)","background-image":"","background-repeat":"repeat","background-position":"center center","background-size":"auto","background-attachment":"scroll","background-type":"","background-media":"","overlay-type":"","overlay-color":"","overlay-opacity":"","overlay-gradient":""}}},"product_brand":[],"product_cat":[],"product_tag":[],"class_list":{"0":"post-2614","1":"product","2":"type-product","3":"status-publish","4":"has-post-thumbnail","6":"desktop-align-left","7":"tablet-align-left","8":"mobile-align-left","10":"first","11":"instock","12":"shipping-taxable","13":"purchasable","14":"product-type-simple"},"yoast_head":"<!-- This site is optimized with the Yoast SEO plugin v26.9 - https:\/\/yoast.com\/product\/yoast-seo-wordpress\/ -->\n<title>C\u00e2mera Dome 4 Em 1 Hd 1.0mp 720p 2.8mm Utc - Lcm-8210b - Dinka-Ai<\/title>\n<meta name=\"robots\" content=\"noindex, follow, max-snippet:-1, max-image-preview:large, max-video-preview:-1\" \/>\n<meta property=\"og:locale\" content=\"pt_BR\" \/>\n<meta property=\"og:type\" content=\"article\" \/>\n<meta property=\"og:title\" content=\"C\u00e2mera Dome 4 Em 1 Hd 1.0mp 720p 2.8mm Utc - Lcm-8210b - Dinka-Ai\" \/>\n<meta property=\"og:description\" content=\"DESCRI\u00c7\u00c3O Revestimento externo met\u00e1lico compress\u00e3o de v\u00eddeo eficiente H.265+\/H.265\/H264+\/H264 com qualidade ajust\u00e1vel e fluxo de dados Codifica\u00e7\u00e3o tri-stream Cancelamento Digital [&hellip;]\" \/>\n<meta property=\"og:url\" content=\"https:\/\/mydinka.com\/wordpress\/produto\/camera-dome-4-em-1-hd-1-0mp-720p-2-8mm-utc-lcm-8210b\/\" \/>\n<meta property=\"og:site_name\" content=\"Dinka-Ai\" \/>\n<meta property=\"article:modified_time\" content=\"2026-03-21T00:47:17+00:00\" \/>\n<meta property=\"og:image\" content=\"https:\/\/mydinka.com\/wordpress\/wp-content\/uploads\/2026\/02\/10121164379_camera-dome-4-em-1-hd-1-0mp-720p-2-8mm-utc-lcm-8210b2-preco-comprar-online-loja-dinka.com_.br-10121164379_camera-dome-4-em-1-hd-1-0mp-720p-2-8mm-utc-lcm-8210b2-1.jpg\" \/>\n\t<meta property=\"og:image:width\" content=\"690\" \/>\n\t<meta property=\"og:image:height\" content=\"690\" \/>\n\t<meta property=\"og:image:type\" content=\"image\/jpeg\" \/>\n<meta name=\"twitter:card\" content=\"summary_large_image\" \/>\n<meta name=\"twitter:label1\" content=\"Est. reading time\" \/>\n\t<meta name=\"twitter:data1\" content=\"1 minuto\" \/>\n<script type=\"application\/ld+json\" class=\"yoast-schema-graph\">{\"@context\":\"https:\/\/schema.org\",\"@graph\":[{\"@type\":\"WebPage\",\"@id\":\"https:\/\/mydinka.com\/wordpress\/produto\/camera-dome-4-em-1-hd-1-0mp-720p-2-8mm-utc-lcm-8210b\/\",\"url\":\"https:\/\/mydinka.com\/wordpress\/produto\/camera-dome-4-em-1-hd-1-0mp-720p-2-8mm-utc-lcm-8210b\/\",\"name\":\"C\u00e2mera Dome 4 Em 1 Hd 1.0mp 720p 2.8mm Utc - Lcm-8210b - Dinka-Ai\",\"isPartOf\":{\"@id\":\"https:\/\/mydinka.com\/wordpress\/#website\"},\"primaryImageOfPage\":{\"@id\":\"https:\/\/mydinka.com\/wordpress\/produto\/camera-dome-4-em-1-hd-1-0mp-720p-2-8mm-utc-lcm-8210b\/#primaryimage\"},\"image\":{\"@id\":\"https:\/\/mydinka.com\/wordpress\/produto\/camera-dome-4-em-1-hd-1-0mp-720p-2-8mm-utc-lcm-8210b\/#primaryimage\"},\"thumbnailUrl\":\"https:\/\/mydinka.com\/wordpress\/wp-content\/uploads\/2026\/02\/10121164379_camera-dome-4-em-1-hd-1-0mp-720p-2-8mm-utc-lcm-8210b2-preco-comprar-online-loja-dinka.com_.br-10121164379_camera-dome-4-em-1-hd-1-0mp-720p-2-8mm-utc-lcm-8210b2-4.jpg\",\"datePublished\":\"2026-02-19T20:49:11+00:00\",\"dateModified\":\"2026-03-21T00:47:17+00:00\",\"breadcrumb\":{\"@id\":\"https:\/\/mydinka.com\/wordpress\/produto\/camera-dome-4-em-1-hd-1-0mp-720p-2-8mm-utc-lcm-8210b\/#breadcrumb\"},\"inLanguage\":\"pt-BR\",\"potentialAction\":[{\"@type\":\"ReadAction\",\"target\":[\"https:\/\/mydinka.com\/wordpress\/produto\/camera-dome-4-em-1-hd-1-0mp-720p-2-8mm-utc-lcm-8210b\/\"]}]},{\"@type\":\"ImageObject\",\"inLanguage\":\"pt-BR\",\"@id\":\"https:\/\/mydinka.com\/wordpress\/produto\/camera-dome-4-em-1-hd-1-0mp-720p-2-8mm-utc-lcm-8210b\/#primaryimage\",\"url\":\"https:\/\/mydinka.com\/wordpress\/wp-content\/uploads\/2026\/02\/10121164379_camera-dome-4-em-1-hd-1-0mp-720p-2-8mm-utc-lcm-8210b2-preco-comprar-online-loja-dinka.com_.br-10121164379_camera-dome-4-em-1-hd-1-0mp-720p-2-8mm-utc-lcm-8210b2-4.jpg\",\"contentUrl\":\"https:\/\/mydinka.com\/wordpress\/wp-content\/uploads\/2026\/02\/10121164379_camera-dome-4-em-1-hd-1-0mp-720p-2-8mm-utc-lcm-8210b2-preco-comprar-online-loja-dinka.com_.br-10121164379_camera-dome-4-em-1-hd-1-0mp-720p-2-8mm-utc-lcm-8210b2-4.jpg\",\"width\":690,\"height\":690},{\"@type\":\"BreadcrumbList\",\"@id\":\"https:\/\/mydinka.com\/wordpress\/produto\/camera-dome-4-em-1-hd-1-0mp-720p-2-8mm-utc-lcm-8210b\/#breadcrumb\",\"itemListElement\":[{\"@type\":\"ListItem\",\"position\":1,\"name\":\"Home\",\"item\":\"https:\/\/mydinka.com\/wordpress\/\"},{\"@type\":\"ListItem\",\"position\":2,\"name\":\"Loja\",\"item\":\"https:\/\/mydinka.com\/wordpress\/loja\/\"},{\"@type\":\"ListItem\",\"position\":3,\"name\":\"C\u00e2mera Dome 4 Em 1 Hd 1.0mp 720p 2.8mm Utc &#8211; Lcm-8210b\"}]},{\"@type\":\"WebSite\",\"@id\":\"https:\/\/mydinka.com\/wordpress\/#website\",\"url\":\"https:\/\/mydinka.com\/wordpress\/\",\"name\":\"Dinka-Ai\",\"description\":\"\",\"potentialAction\":[{\"@type\":\"SearchAction\",\"target\":{\"@type\":\"EntryPoint\",\"urlTemplate\":\"https:\/\/mydinka.com\/wordpress\/?s={search_term_string}\"},\"query-input\":{\"@type\":\"PropertyValueSpecification\",\"valueRequired\":true,\"valueName\":\"search_term_string\"}}],\"inLanguage\":\"pt-BR\"}]}<\/script>\n<!-- \/ Yoast SEO plugin. -->","yoast_head_json":{"title":"C\u00e2mera Dome 4 Em 1 Hd 1.0mp 720p 2.8mm Utc - Lcm-8210b - Dinka-Ai","robots":{"index":"noindex","follow":"follow","max-snippet":"max-snippet:-1","max-image-preview":"max-image-preview:large","max-video-preview":"max-video-preview:-1"},"og_locale":"pt_BR","og_type":"article","og_title":"C\u00e2mera Dome 4 Em 1 Hd 1.0mp 720p 2.8mm Utc - Lcm-8210b - Dinka-Ai","og_description":"DESCRI\u00c7\u00c3O Revestimento externo met\u00e1lico compress\u00e3o de v\u00eddeo eficiente H.265+\/H.265\/H264+\/H264 com qualidade ajust\u00e1vel e fluxo de dados Codifica\u00e7\u00e3o tri-stream Cancelamento Digital [&hellip;]","og_url":"https:\/\/mydinka.com\/wordpress\/produto\/camera-dome-4-em-1-hd-1-0mp-720p-2-8mm-utc-lcm-8210b\/","og_site_name":"Dinka-Ai","article_modified_time":"2026-03-21T00:47:17+00:00","og_image":[{"width":690,"height":690,"url":"https:\/\/mydinka.com\/wordpress\/wp-content\/uploads\/2026\/02\/10121164379_camera-dome-4-em-1-hd-1-0mp-720p-2-8mm-utc-lcm-8210b2-preco-comprar-online-loja-dinka.com_.br-10121164379_camera-dome-4-em-1-hd-1-0mp-720p-2-8mm-utc-lcm-8210b2-1.jpg","type":"image\/jpeg"}],"twitter_card":"summary_large_image","twitter_misc":{"Est. reading time":"1 minuto"},"schema":{"@context":"https:\/\/schema.org","@graph":[{"@type":"WebPage","@id":"https:\/\/mydinka.com\/wordpress\/produto\/camera-dome-4-em-1-hd-1-0mp-720p-2-8mm-utc-lcm-8210b\/","url":"https:\/\/mydinka.com\/wordpress\/produto\/camera-dome-4-em-1-hd-1-0mp-720p-2-8mm-utc-lcm-8210b\/","name":"C\u00e2mera Dome 4 Em 1 Hd 1.0mp 720p 2.8mm Utc - Lcm-8210b - Dinka-Ai","isPartOf":{"@id":"https:\/\/mydinka.com\/wordpress\/#website"},"primaryImageOfPage":{"@id":"https:\/\/mydinka.com\/wordpress\/produto\/camera-dome-4-em-1-hd-1-0mp-720p-2-8mm-utc-lcm-8210b\/#primaryimage"},"image":{"@id":"https:\/\/mydinka.com\/wordpress\/produto\/camera-dome-4-em-1-hd-1-0mp-720p-2-8mm-utc-lcm-8210b\/#primaryimage"},"thumbnailUrl":"https:\/\/mydinka.com\/wordpress\/wp-content\/uploads\/2026\/02\/10121164379_camera-dome-4-em-1-hd-1-0mp-720p-2-8mm-utc-lcm-8210b2-preco-comprar-online-loja-dinka.com_.br-10121164379_camera-dome-4-em-1-hd-1-0mp-720p-2-8mm-utc-lcm-8210b2-4.jpg","datePublished":"2026-02-19T20:49:11+00:00","dateModified":"2026-03-21T00:47:17+00:00","breadcrumb":{"@id":"https:\/\/mydinka.com\/wordpress\/produto\/camera-dome-4-em-1-hd-1-0mp-720p-2-8mm-utc-lcm-8210b\/#breadcrumb"},"inLanguage":"pt-BR","potentialAction":[{"@type":"ReadAction","target":["https:\/\/mydinka.com\/wordpress\/produto\/camera-dome-4-em-1-hd-1-0mp-720p-2-8mm-utc-lcm-8210b\/"]}]},{"@type":"ImageObject","inLanguage":"pt-BR","@id":"https:\/\/mydinka.com\/wordpress\/produto\/camera-dome-4-em-1-hd-1-0mp-720p-2-8mm-utc-lcm-8210b\/#primaryimage","url":"https:\/\/mydinka.com\/wordpress\/wp-content\/uploads\/2026\/02\/10121164379_camera-dome-4-em-1-hd-1-0mp-720p-2-8mm-utc-lcm-8210b2-preco-comprar-online-loja-dinka.com_.br-10121164379_camera-dome-4-em-1-hd-1-0mp-720p-2-8mm-utc-lcm-8210b2-4.jpg","contentUrl":"https:\/\/mydinka.com\/wordpress\/wp-content\/uploads\/2026\/02\/10121164379_camera-dome-4-em-1-hd-1-0mp-720p-2-8mm-utc-lcm-8210b2-preco-comprar-online-loja-dinka.com_.br-10121164379_camera-dome-4-em-1-hd-1-0mp-720p-2-8mm-utc-lcm-8210b2-4.jpg","width":690,"height":690},{"@type":"BreadcrumbList","@id":"https:\/\/mydinka.com\/wordpress\/produto\/camera-dome-4-em-1-hd-1-0mp-720p-2-8mm-utc-lcm-8210b\/#breadcrumb","itemListElement":[{"@type":"ListItem","position":1,"name":"Home","item":"https:\/\/mydinka.com\/wordpress\/"},{"@type":"ListItem","position":2,"name":"Loja","item":"https:\/\/mydinka.com\/wordpress\/loja\/"},{"@type":"ListItem","position":3,"name":"C\u00e2mera Dome 4 Em 1 Hd 1.0mp 720p 2.8mm Utc &#8211; Lcm-8210b"}]},{"@type":"WebSite","@id":"https:\/\/mydinka.com\/wordpress\/#website","url":"https:\/\/mydinka.com\/wordpress\/","name":"Dinka-Ai","description":"","potentialAction":[{"@type":"SearchAction","target":{"@type":"EntryPoint","urlTemplate":"https:\/\/mydinka.com\/wordpress\/?s={search_term_string}"},"query-input":{"@type":"PropertyValueSpecification","valueRequired":true,"valueName":"search_term_string"}}],"inLanguage":"pt-BR"}]}},"_links":{"self":[{"href":"https:\/\/mydinka.com\/wordpress\/wp-json\/wp\/v2\/product\/2614","targetHints":{"allow":["GET"]}}],"collection":[{"href":"https:\/\/mydinka.com\/wordpress\/wp-json\/wp\/v2\/product"}],"about":[{"href":"https:\/\/mydinka.com\/wordpress\/wp-json\/wp\/v2\/types\/product"}],"replies":[{"embeddable":true,"href":"https:\/\/mydinka.com\/wordpress\/wp-json\/wp\/v2\/comments?post=2614"}],"wp:featuredmedia":[{"embeddable":true,"href":"https:\/\/mydinka.com\/wordpress\/wp-json\/wp\/v2\/media\/2847"}],"wp:attachment":[{"href":"https:\/\/mydinka.com\/wordpress\/wp-json\/wp\/v2\/media?parent=2614"}],"wp:term":[{"taxonomy":"product_brand","embeddable":true,"href":"https:\/\/mydinka.com\/wordpress\/wp-json\/wp\/v2\/product_brand?post=2614"},{"taxonomy":"product_cat","embeddable":true,"href":"https:\/\/mydinka.com\/wordpress\/wp-json\/wp\/v2\/product_cat?post=2614"},{"taxonomy":"product_tag","embeddable":true,"href":"https:\/\/mydinka.com\/wordpress\/wp-json\/wp\/v2\/product_tag?post=2614"}],"curies":[{"name":"wp","href":"https:\/\/api.w.org\/{rel}","templated":true}]}}